{"id":65,"date":"2019-09-18T19:15:59","date_gmt":"2019-09-18T19:15:59","guid":{"rendered":"https:\/\/acessplus.com.br\/novo\/?post_type=products&#038;p=65"},"modified":"2025-01-15T19:51:01","modified_gmt":"2025-01-15T19:51:01","slug":"plataforma-vertical-carelift","status":"publish","type":"products","link":"https:\/\/acessplus.com.br\/index.php\/products\/plataforma-vertical-carelift\/","title":{"rendered":"Plataforma SH\/ST"},"content":{"rendered":"\n<p>Planejadas para uso de pessoas em cadeiras de rodas ou com dificuldades de locomo\u00e7\u00e3o, as plataformas elevat\u00f3rias t\u00eam sua aplica\u00e7\u00e3o em ambientes de uso p\u00fablico ou residencial onde haja necessidade de acessibilidade, com possibilidade de vencer uma altura de at\u00e9 4 (quatro) metros conforme a norma ABNT 9050 &#8211; ISO 9386-1, com velocidade de 6m\/min a 8m\/min; e capacidade de carga de 250kg a 325kg.<\/p>\n\n\n\n<p>Seu design com portas tipo eixo vertical nos pavimentos permite a exist\u00eancia de mais de um acesso \u00e0 plataforma (em faces opostas ou adjacentes).<\/p>\n\n\n\n<p>S\u00e3o apresentadas com caracter\u00edsticas de fornecimento em caixa de alvenaria ou em estrutura met\u00e1lica.<\/p>\n\n\n\n<h5 class=\"wp-block-heading\">Veja todos os detalhes da Plataforma de Acessibilidade:<br><a rel=\"noreferrer noopener\" aria-label=\"Clique aqui e baixe o Cat\u00e1logo. (abre numa nova aba)\" href=\"https:\/\/acessplus.com.br\/wp-content\/uploads\/2020\/01\/CATALOGO-ACESSIBILIDADE-PLATAFORMAS-ORTOBRAS.pdf\" target=\"_blank\">Clique aqui e baixe o Cat\u00e1logo.<\/a><\/h5>\n\n\n\n<div style=\"height:20px\" aria-hidden=\"true\" class=\"wp-block-spacer\"><\/div>\n\n\n\n<div class=\"wp-block-button aligncenter is-style-squared\"><a class=\"wp-block-button__link has-text-color has-very-light-gray-color has-background\" href=\"https:\/\/acessplus.com.br\/index.php\/solicite-um-orcamento\/\" style=\"background-color:#254e8a\"><strong>Solicite um Or\u00e7amento<\/strong><\/a><\/div>\n\n\n\n<div style=\"height:70px\" aria-hidden=\"true\" class=\"wp-block-spacer\"><\/div>\n\n\n\n<hr class=\"wp-block-separator has-css-opacity\"\/>\n\n\n\n<figure class=\"wp-block-gallery has-nested-images columns-default is-cropped wp-block-gallery-1 is-layout-flex\">\n<figure class=\"wp-block-image\"><a href=\"https:\/\/acessplus.com.br\/wp-content\/uploads\/2019\/09\/PLATAFORMA-CARELIFT-COM-ESPELHO-TETO-EM-INOX-2-PARADAS-EM-ALVENARIA-2.jpg\"><img decoding=\"async\" loading=\"lazy\" width=\"666\" height=\"1000\" data-id=\"90\"  src=\"https:\/\/acessplus.com.br\/wp-content\/uploads\/2019\/09\/PLATAFORMA-CARELIFT-COM-ESPELHO-TETO-EM-INOX-2-PARADAS-EM-ALVENARIA-2.jpg\" alt=\"\" class=\"wp-image-90\" srcset=\"https:\/\/acessplus.com.br\/wp-content\/uploads\/2019\/09\/PLATAFORMA-CARELIFT-COM-ESPELHO-TETO-EM-INOX-2-PARADAS-EM-ALVENARIA-2.jpg 666w, https:\/\/acessplus.com.br\/wp-content\/uploads\/2019\/09\/PLATAFORMA-CARELIFT-COM-ESPELHO-TETO-EM-INOX-2-PARADAS-EM-ALVENARIA-2-200x300.jpg 200w\" sizes=\"(max-width: 666px) 100vw, 666px\" \/><\/a><\/figure>\n\n\n\n<figure class=\"wp-block-image\"><a href=\"https:\/\/acessplus.com.br\/wp-content\/uploads\/2019\/09\/PLATAFORMA-CARELIFT-COM-ESPELHO-TETO-EM-INOX-2-PARADAS-EM-ALVENARIA.jpg\"><img decoding=\"async\" loading=\"lazy\" width=\"666\" height=\"1000\" data-id=\"91\"  src=\"https:\/\/acessplus.com.br\/wp-content\/uploads\/2019\/09\/PLATAFORMA-CARELIFT-COM-ESPELHO-TETO-EM-INOX-2-PARADAS-EM-ALVENARIA.jpg\" alt=\"\" class=\"wp-image-91\" srcset=\"https:\/\/acessplus.com.br\/wp-content\/uploads\/2019\/09\/PLATAFORMA-CARELIFT-COM-ESPELHO-TETO-EM-INOX-2-PARADAS-EM-ALVENARIA.jpg 666w, https:\/\/acessplus.com.br\/wp-content\/uploads\/2019\/09\/PLATAFORMA-CARELIFT-COM-ESPELHO-TETO-EM-INOX-2-PARADAS-EM-ALVENARIA-200x300.jpg 200w\" sizes=\"(max-width: 666px) 100vw, 666px\" \/><\/a><\/figure>\n<\/figure>\n","protected":false},"featured_media":91,"parent":0,"template":"","acf":[],"yoast_head":"<!-- This site is optimized with the Yoast SEO plugin v20.11 - https:\/\/yoast.com\/wordpress\/plugins\/seo\/ -->\n<title>Plataforma SH\/ST - AcessPlus Elevadores - Parnamirim - RN<\/title>\n<meta name=\"robots\" content=\"index, follow, max-snippet:-1, max-image-preview:large, max-video-preview:-1\" \/>\n<link rel=\"canonical\" href=\"https:\/\/acessplus.com.br\/index.php\/products\/plataforma-vertical-carelift\/\" \/>\n<meta property=\"og:locale\" content=\"pt_BR\" \/>\n<meta property=\"og:type\" content=\"article\" \/>\n<meta property=\"og:title\" content=\"Plataforma SH\/ST - AcessPlus Elevadores - Parnamirim - RN\" \/>\n<meta property=\"og:description\" content=\"Planejadas para uso de pessoas em cadeiras de rodas ou com dificuldades de locomo\u00e7\u00e3o, as plataformas elevat\u00f3rias t\u00eam sua aplica\u00e7\u00e3o em ambientes de uso p\u00fablico ou residencial onde haja necessidade de acessibilidade, com possibilidade de vencer uma altura de at\u00e9 4 (quatro) metros conforme a norma ABNT 9050 &#8211; ISO 9386-1, com velocidade de 6m\/min [&hellip;]\" \/>\n<meta property=\"og:url\" content=\"https:\/\/acessplus.com.br\/index.php\/products\/plataforma-vertical-carelift\/\" \/>\n<meta property=\"og:site_name\" content=\"AcessPlus Elevadores - Parnamirim - RN\" \/>\n<meta property=\"article:modified_time\" content=\"2025-01-15T19:51:01+00:00\" \/>\n<meta property=\"og:image\" content=\"https:\/\/acessplus.com.br\/wp-content\/uploads\/2019\/09\/PLATAFORMA-CARELIFT-COM-ESPELHO-TETO-EM-INOX-2-PARADAS-EM-ALVENARIA.jpg\" \/>\n\t<meta property=\"og:image:width\" content=\"666\" \/>\n\t<meta property=\"og:image:height\" content=\"1000\" \/>\n\t<meta property=\"og:image:type\" content=\"image\/jpeg\" \/>\n<meta name=\"twitter:card\" content=\"summary_large_image\" \/>\n<meta name=\"twitter:label1\" content=\"Est. tempo de leitura\" \/>\n\t<meta name=\"twitter:data1\" content=\"2 minutos\" \/>\n<script type=\"application\/ld+json\" class=\"yoast-schema-graph\">{\"@context\":\"https:\/\/schema.org\",\"@graph\":[{\"@type\":\"WebPage\",\"@id\":\"https:\/\/acessplus.com.br\/index.php\/products\/plataforma-vertical-carelift\/\",\"url\":\"https:\/\/acessplus.com.br\/index.php\/products\/plataforma-vertical-carelift\/\",\"name\":\"Plataforma SH\/ST - AcessPlus Elevadores - Parnamirim - RN\",\"isPartOf\":{\"@id\":\"https:\/\/acessplus.com.br\/#website\"},\"datePublished\":\"2019-09-18T19:15:59+00:00\",\"dateModified\":\"2025-01-15T19:51:01+00:00\",\"breadcrumb\":{\"@id\":\"https:\/\/acessplus.com.br\/index.php\/products\/plataforma-vertical-carelift\/#breadcrumb\"},\"inLanguage\":\"pt-BR\",\"potentialAction\":[{\"@type\":\"ReadAction\",\"target\":[\"https:\/\/acessplus.com.br\/index.php\/products\/plataforma-vertical-carelift\/\"]}]},{\"@type\":\"BreadcrumbList\",\"@id\":\"https:\/\/acessplus.com.br\/index.php\/products\/plataforma-vertical-carelift\/#breadcrumb\",\"itemListElement\":[{\"@type\":\"ListItem\",\"position\":1,\"name\":\"Home\",\"item\":\"https:\/\/acessplus.com.br\/\"},{\"@type\":\"ListItem\",\"position\":2,\"name\":\"Produtos\",\"item\":\"https:\/\/acessplus.com.br\/index.php\/products\/\"},{\"@type\":\"ListItem\",\"position\":3,\"name\":\"Plataforma SH\/ST\"}]},{\"@type\":\"WebSite\",\"@id\":\"https:\/\/acessplus.com.br\/#website\",\"url\":\"https:\/\/acessplus.com.br\/\",\"name\":\"AcessPlus Elevadores - Parnamirim - RN\",\"description\":\"Elevadores, Plataformas, Cadeiras elevadoras, Manuten\u00e7\u00e3o, Chamados de emerg\u00eancia.\",\"potentialAction\":[{\"@type\":\"SearchAction\",\"target\":{\"@type\":\"EntryPoint\",\"urlTemplate\":\"https:\/\/acessplus.com.br\/?s={search_term_string}\"},\"query-input\":\"required name=search_term_string\"}],\"inLanguage\":\"pt-BR\"}]}<\/script>\n<!-- \/ Yoast SEO plugin. -->","yoast_head_json":{"title":"Plataforma SH\/ST - AcessPlus Elevadores - Parnamirim - RN","robots":{"index":"index","follow":"follow","max-snippet":"max-snippet:-1","max-image-preview":"max-image-preview:large","max-video-preview":"max-video-preview:-1"},"canonical":"https:\/\/acessplus.com.br\/index.php\/products\/plataforma-vertical-carelift\/","og_locale":"pt_BR","og_type":"article","og_title":"Plataforma SH\/ST - AcessPlus Elevadores - Parnamirim - RN","og_description":"Planejadas para uso de pessoas em cadeiras de rodas ou com dificuldades de locomo\u00e7\u00e3o, as plataformas elevat\u00f3rias t\u00eam sua aplica\u00e7\u00e3o em ambientes de uso p\u00fablico ou residencial onde haja necessidade de acessibilidade, com possibilidade de vencer uma altura de at\u00e9 4 (quatro) metros conforme a norma ABNT 9050 &#8211; ISO 9386-1, com velocidade de 6m\/min [&hellip;]","og_url":"https:\/\/acessplus.com.br\/index.php\/products\/plataforma-vertical-carelift\/","og_site_name":"AcessPlus Elevadores - Parnamirim - RN","article_modified_time":"2025-01-15T19:51:01+00:00","og_image":[{"width":666,"height":1000,"url":"https:\/\/acessplus.com.br\/wp-content\/uploads\/2019\/09\/PLATAFORMA-CARELIFT-COM-ESPELHO-TETO-EM-INOX-2-PARADAS-EM-ALVENARIA.jpg","type":"image\/jpeg"}],"twitter_card":"summary_large_image","twitter_misc":{"Est. tempo de leitura":"2 minutos"},"schema":{"@context":"https:\/\/schema.org","@graph":[{"@type":"WebPage","@id":"https:\/\/acessplus.com.br\/index.php\/products\/plataforma-vertical-carelift\/","url":"https:\/\/acessplus.com.br\/index.php\/products\/plataforma-vertical-carelift\/","name":"Plataforma SH\/ST - AcessPlus Elevadores - Parnamirim - RN","isPartOf":{"@id":"https:\/\/acessplus.com.br\/#website"},"datePublished":"2019-09-18T19:15:59+00:00","dateModified":"2025-01-15T19:51:01+00:00","breadcrumb":{"@id":"https:\/\/acessplus.com.br\/index.php\/products\/plataforma-vertical-carelift\/#breadcrumb"},"inLanguage":"pt-BR","potentialAction":[{"@type":"ReadAction","target":["https:\/\/acessplus.com.br\/index.php\/products\/plataforma-vertical-carelift\/"]}]},{"@type":"BreadcrumbList","@id":"https:\/\/acessplus.com.br\/index.php\/products\/plataforma-vertical-carelift\/#breadcrumb","itemListElement":[{"@type":"ListItem","position":1,"name":"Home","item":"https:\/\/acessplus.com.br\/"},{"@type":"ListItem","position":2,"name":"Produtos","item":"https:\/\/acessplus.com.br\/index.php\/products\/"},{"@type":"ListItem","position":3,"name":"Plataforma SH\/ST"}]},{"@type":"WebSite","@id":"https:\/\/acessplus.com.br\/#website","url":"https:\/\/acessplus.com.br\/","name":"AcessPlus Elevadores - Parnamirim - RN","description":"Elevadores, Plataformas, Cadeiras elevadoras, Manuten\u00e7\u00e3o, Chamados de emerg\u00eancia.","potentialAction":[{"@type":"SearchAction","target":{"@type":"EntryPoint","urlTemplate":"https:\/\/acessplus.com.br\/?s={search_term_string}"},"query-input":"required name=search_term_string"}],"inLanguage":"pt-BR"}]}},"_links":{"self":[{"href":"https:\/\/acessplus.com.br\/index.php\/wp-json\/wp\/v2\/products\/65"}],"collection":[{"href":"https:\/\/acessplus.com.br\/index.php\/wp-json\/wp\/v2\/products"}],"about":[{"href":"https:\/\/acessplus.com.br\/index.php\/wp-json\/wp\/v2\/types\/products"}],"wp:featuredmedia":[{"embeddable":true,"href":"https:\/\/acessplus.com.br\/index.php\/wp-json\/wp\/v2\/media\/91"}],"wp:attachment":[{"href":"https:\/\/acessplus.com.br\/index.php\/wp-json\/wp\/v2\/media?parent=65"}],"curies":[{"name":"wp","href":"https:\/\/api.w.org\/{rel}","templated":true}]}}

<p>Planejadas para uso de pessoas em cadeiras de rodas ou com dificuldades de locomoção, as plataformas elevatórias têm sua aplicação em ambientes de uso público ou residencial onde haja necessidade de acessibilidade, com possibilidade de vencer uma altura de até 4 (quatro) metros conforme a norma ABNT 9050 &#8211; ISO 9386-1, com velocidade de 6m/min a 8m/min; e capacidade de carga de 250kg a 325kg.</p>



<p>Seu design com portas tipo eixo vertical nos pavimentos permite a existência de mais de um acesso à plataforma (em faces opostas ou adjacentes).</p>



<p>São apresentadas com características de fornecimento em caixa de alvenaria ou em estrutura metálica.</p>



<h5 class="wp-block-heading">Veja todos os detalhes da Plataforma de Acessibilidade:<br><a rel="noreferrer noopener" aria-label="Clique aqui e baixe o Catálogo. (abre numa nova aba)" href="https://acessplus.com.br/wp-content/uploads/2020/01/CATALOGO-ACESSIBILIDADE-PLATAFORMAS-ORTOBRAS.pdf" target="_blank">Clique aqui e baixe o Catálogo.</a></h5>



<div style="height:20px" aria-hidden="true" class="wp-block-spacer"></div>



<div class="wp-block-button aligncenter is-style-squared"><a class="wp-block-button__link has-text-color has-very-light-gray-color has-background" href="https://acessplus.com.br/index.php/solicite-um-orcamento/" style="background-color:#254e8a"><strong>Solicite um Orçamento</strong></a></div>



<div style="height:70px" aria-hidden="true" class="wp-block-spacer"></div>



<hr class="wp-block-separator has-css-opacity"/>



<figure class="wp-block-gallery has-nested-images columns-default is-cropped wp-block-gallery-1 is-layout-flex">
<figure class="wp-block-image"><a href="https://acessplus.com.br/wp-content/uploads/2019/09/PLATAFORMA-CARELIFT-COM-ESPELHO-TETO-EM-INOX-2-PARADAS-EM-ALVENARIA-2.jpg"><img decoding="async" loading="lazy" width="666" height="1000" data-id="90"  src="https://acessplus.com.br/wp-content/uploads/2019/09/PLATAFORMA-CARELIFT-COM-ESPELHO-TETO-EM-INOX-2-PARADAS-EM-ALVENARIA-2.jpg" alt="" class="wp-image-90" srcset="https://acessplus.com.br/wp-content/uploads/2019/09/PLATAFORMA-CARELIFT-COM-ESPELHO-TETO-EM-INOX-2-PARADAS-EM-ALVENARIA-2.jpg 666w, https://acessplus.com.br/wp-content/uploads/2019/09/PLATAFORMA-CARELIFT-COM-ESPELHO-TETO-EM-INOX-2-PARADAS-EM-ALVENARIA-2-200x300.jpg 200w" sizes="(max-width: 666px) 100vw, 666px" /></a></figure>



<figure class="wp-block-image"><a href="https://acessplus.com.br/wp-content/uploads/2019/09/PLATAFORMA-CARELIFT-COM-ESPELHO-TETO-EM-INOX-2-PARADAS-EM-ALVENARIA.jpg"><img decoding="async" loading="lazy" width="666" height="1000" data-id="91"  src="https://acessplus.com.br/wp-content/uploads/2019/09/PLATAFORMA-CARELIFT-COM-ESPELHO-TETO-EM-INOX-2-PARADAS-EM-ALVENARIA.jpg" alt="" class="wp-image-91" srcset="https://acessplus.com.br/wp-content/uploads/2019/09/PLATAFORMA-CARELIFT-COM-ESPELHO-TETO-EM-INOX-2-PARADAS-EM-ALVENARIA.jpg 666w, https://acessplus.com.br/wp-content/uploads/2019/09/PLATAFORMA-CARELIFT-COM-ESPELHO-TETO-EM-INOX-2-PARADAS-EM-ALVENARIA-200x300.jpg 200w" sizes="(max-width: 666px) 100vw, 666px" /></a></figure>
</figure>

<!-- This site is optimized with the Yoast SEO plugin v20.11 - https://yoast.com/wordpress/plugins/seo/ -->
<title>Plataforma SH/ST - AcessPlus Elevadores - Parnamirim - RN</title>
<meta name="robots" content="index, follow, max-snippet:-1, max-image-preview:large, max-video-preview:-1" />
<link rel="canonical" href="https://acessplus.com.br/index.php/products/plataforma-vertical-carelift/" />
<meta property="og:locale" content="pt_BR" />
<meta property="og:type" content="article" />
<meta property="og:title" content="Plataforma SH/ST - AcessPlus Elevadores - Parnamirim - RN" />
<meta property="og:description" content="Planejadas para uso de pessoas em cadeiras de rodas ou com dificuldades de locomoção, as plataformas elevatórias têm sua aplicação em ambientes de uso público ou residencial onde haja necessidade de acessibilidade, com possibilidade de vencer uma altura de até 4 (quatro) metros conforme a norma ABNT 9050 &#8211; ISO 9386-1, com velocidade de 6m/min [&hellip;]" />
<meta property="og:url" content="https://acessplus.com.br/index.php/products/plataforma-vertical-carelift/" />
<meta property="og:site_name" content="AcessPlus Elevadores - Parnamirim - RN" />
<meta property="article:modified_time" content="2025-01-15T19:51:01+00:00" />
<meta property="og:image" content="https://acessplus.com.br/wp-content/uploads/2019/09/PLATAFORMA-CARELIFT-COM-ESPELHO-TETO-EM-INOX-2-PARADAS-EM-ALVENARIA.jpg" />
	<meta property="og:image:width" content="666" />
	<meta property="og:image:height" content="1000" />
	<meta property="og:image:type" content="image/jpeg" />
<meta name="twitter:card" content="summary_large_image" />
<meta name="twitter:label1" content="Est. tempo de leitura" />
	<meta name="twitter:data1" content="2 minutos" />
<script type="application/ld+json" class="yoast-schema-graph">{"@context":"https://schema.org","@graph":[{"@type":"WebPage","@id":"https://acessplus.com.br/index.php/products/plataforma-vertical-carelift/","url":"https://acessplus.com.br/index.php/products/plataforma-vertical-carelift/","name":"Plataforma SH/ST - AcessPlus Elevadores - Parnamirim - RN","isPartOf":{"@id":"https://acessplus.com.br/#website"},"datePublished":"2019-09-18T19:15:59+00:00","dateModified":"2025-01-15T19:51:01+00:00","breadcrumb":{"@id":"https://acessplus.com.br/index.php/products/plataforma-vertical-carelift/#breadcrumb"},"inLanguage":"pt-BR","potentialAction":[{"@type":"ReadAction","target":["https://acessplus.com.br/index.php/products/plataforma-vertical-carelift/"]}]},{"@type":"BreadcrumbList","@id":"https://acessplus.com.br/index.php/products/plataforma-vertical-carelift/#breadcrumb","itemListElement":[{"@type":"ListItem","position":1,"name":"Home","item":"https://acessplus.com.br/"},{"@type":"ListItem","position":2,"name":"Produtos","item":"https://acessplus.com.br/index.php/products/"},{"@type":"ListItem","position":3,"name":"Plataforma SH/ST"}]},{"@type":"WebSite","@id":"https://acessplus.com.br/#website","url":"https://acessplus.com.br/","name":"AcessPlus Elevadores - Parnamirim - RN","description":"Elevadores, Plataformas, Cadeiras elevadoras, Manutenção, Chamados de emergência.","potentialAction":[{"@type":"SearchAction","target":{"@type":"EntryPoint","urlTemplate":"https://acessplus.com.br/?s={search_term_string}"},"query-input":"required name=search_term_string"}],"inLanguage":"pt-BR"}]}</script>
<!-- / Yoast SEO plugin. -->

Planejadas para uso de pessoas em cadeiras de rodas ou com dificuldades de locomoção, as plataformas elevatórias têm sua aplicação em ambientes de uso público ou residencial onde haja necessidade de acessibilidade, com possibilidade de vencer uma altura de até 4 (quatro) metros conforme a norma ABNT 9050 &#8211; ISO 9386-1, com velocidade de 6m/min [&hellip;]

Elevadores, Plataformas, Cadeiras elevadoras, Manutenção, Chamados de emergência.
