{"version":"1.0","provider_name":"AcessPlus Elevadores - Parnamirim - RN","provider_url":"https:\/\/acessplus.com.br","title":"Plataforma SH\/ST - AcessPlus Elevadores - Parnamirim - RN","type":"rich","width":600,"height":338,"html":"<blockquote class=\"wp-embedded-content\" data-secret=\"1OvZOa1GSB\"><a href=\"https:\/\/acessplus.com.br\/index.php\/products\/plataforma-vertical-carelift\/\">Plataforma SH\/ST<\/a><\/blockquote><iframe sandbox=\"allow-scripts\" security=\"restricted\" src=\"https:\/\/acessplus.com.br\/index.php\/products\/plataforma-vertical-carelift\/embed\/#?secret=1OvZOa1GSB\" width=\"600\" height=\"338\" title=\"&#8220;Plataforma SH\/ST&#8221; &#8212; AcessPlus Elevadores - Parnamirim - RN\" data-secret=\"1OvZOa1GSB\" frameborder=\"0\" marginwidth=\"0\" marginheight=\"0\" scrolling=\"no\" class=\"wp-embedded-content\"><\/iframe><script type=\"text\/javascript\">\n\/*! This file is auto-generated *\/\n!function(c,d){\"use strict\";var e=!1,o=!1;if(d.querySelector)if(c.addEventListener)e=!0;if(c.wp=c.wp||{},c.wp.receiveEmbedMessage);else if(c.wp.receiveEmbedMessage=function(e){var t=e.data;if(!t);else if(!(t.secret||t.message||t.value));else if(\/[^a-zA-Z0-9]\/.test(t.secret));else{for(var r,s,a,i=d.querySelectorAll('iframe[data-secret=\"'+t.secret+'\"]'),n=d.querySelectorAll('blockquote[data-secret=\"'+t.secret+'\"]'),o=new RegExp(\"^https?:$\",\"i\"),l=0;l<n.length;l++)n[l].style.display=\"none\";for(l=0;l<i.length;l++)if(r=i[l],e.source!==r.contentWindow);else{if(r.removeAttribute(\"style\"),\"height\"===t.message){if(1e3<(s=parseInt(t.value,10)))s=1e3;else if(~~s<200)s=200;r.height=s}if(\"link\"===t.message)if(s=d.createElement(\"a\"),a=d.createElement(\"a\"),s.href=r.getAttribute(\"src\"),a.href=t.value,!o.test(a.protocol));else if(a.host===s.host)if(d.activeElement===r)c.top.location.href=t.value}}},e)c.addEventListener(\"message\",c.wp.receiveEmbedMessage,!1),d.addEventListener(\"DOMContentLoaded\",t,!1),c.addEventListener(\"load\",t,!1);function t(){if(o);else{o=!0;for(var e,t,r,s=-1!==navigator.appVersion.indexOf(\"MSIE 10\"),a=!!navigator.userAgent.match(\/Trident.*rv:11\\.\/),i=d.querySelectorAll(\"iframe.wp-embedded-content\"),n=0;n<i.length;n++){if(!(r=(t=i[n]).getAttribute(\"data-secret\")))r=Math.random().toString(36).substr(2,10),t.src+=\"#?secret=\"+r,t.setAttribute(\"data-secret\",r);if(s||a)(e=t.cloneNode(!0)).removeAttribute(\"security\"),t.parentNode.replaceChild(e,t);t.contentWindow.postMessage({message:\"ready\",secret:r},\"*\")}}}}(window,document);\n<\/script>\n","thumbnail_url":"https:\/\/acessplus.com.br\/wp-content\/uploads\/2019\/09\/PLATAFORMA-CARELIFT-COM-ESPELHO-TETO-EM-INOX-2-PARADAS-EM-ALVENARIA.jpg","thumbnail_width":666,"thumbnail_height":1000,"description":"Planejadas para uso de pessoas em cadeiras de rodas ou com dificuldades de locomo\u00e7\u00e3o, as plataformas elevat\u00f3rias t\u00eam sua aplica\u00e7\u00e3o em ambientes de uso p\u00fablico ou residencial onde haja necessidade de acessibilidade, com possibilidade de vencer uma altura de at\u00e9 4 (quatro) metros conforme a norma ABNT 9050 &#8211; ISO 9386-1, com velocidade de 6m\/min [&hellip;]"}

Planejadas para uso de pessoas em cadeiras de rodas ou com dificuldades de locomoção, as plataformas elevatórias têm sua aplicação em ambientes de uso público ou residencial onde haja necessidade de acessibilidade, com possibilidade de vencer uma altura de até 4 (quatro) metros conforme a norma ABNT 9050 &#8211; ISO 9386-1, com velocidade de 6m/min [&hellip;]
